 the prime factors of k?
3
Let b be (-2)/4 + 2 + 68/8. Suppose -4*i = -b*i + 786. What are the prime factors of i?
131
What are the prime factors of (15234 - 2)/7 + 1?
7, 311
Let b(y) = y**3 + 6*y**2 - 4*y - 4. Let l be b(-6). Suppose l = 34*g - 32*g. What are the prime factors of g?
2, 5
Suppose 2*x + 4*p - 2542 = 8*p, -p - 5112 = -4*x. What are the prime factors of x?
1279
Let p = 34 - 13. Let o = -13 + p. Suppose -q = 4, -y - y - o = 3*q. List the prime factors of y.
2
Let m(x) = 8*x**2 - 8*x - 50. List the prime factors of m(10).
2, 5, 67
Let x(p) = p**2 + 3*p. Let v be x(9). Suppose -v = 7*d - 11*d. What are the prime factors of d?
3
Suppose -4660 = -5*f + 5*r - 10*r, 3*f = 4*r + 2803. List the prime factors of f.
3, 311
Let k(x) = -x**3 + 12*x**2 - 13*x - 10. Let i be k(7). What are the prime factors of (6 - 0)/(i/70 - 2)?
3, 5, 7
Suppose 4*l - 24 = 2*o, 0 = -2*o + 5*l - 2 - 22. Let s be (-2)/(-10) - (-158)/10. What are the prime factors of (o/s)/(3/(-60))?
3, 5
Suppose 5*v + z - 4434 = 0, 0 = -2*v - 3*z - 776 + 2547. List the prime factors of v.
887
Let m = -3 + -18. Let j be ((-18)/(-27))/((-1)/m). Let o(z) = -z**2 + 15*z - 10. List the prime factors of o(j).
2
Let o = -90 + 357. Suppose 3*p - 3*f - o = 0, -3*p + 2*p + 2*f + 92 = 0. List the prime factors of p.
2, 43
Suppose 0 = -4*p + 3*j + 5699, 5*p - 6*p - 5*j + 1396 = 0. What are the prime factors of p?
7, 29
Let k(l) = -l**3 + 4*l**2 + 8*l - 7. Let m be k(5). Let f = m - 12. Let p(i) = -4*i + 1. What are the prime factors of p(f)?
17
Let q = 25 + -18. Suppose 2*f + 17 - q = 0, -f = -2*l + 189. Let i = l - 35. List the prime factors of i.
3, 19
Suppose -2*f + 2*h + 10 = 0, 10 = 5*f - 0*f - 2*h. Suppose -s + f*s = -110. List the prime factors of s/8 - 3/(-12).
2, 7
Let d = 3 + -8. Let l be 3/15 - 839/d. Suppose 5*n = -4*v + 97, -51 = 5*v + 2*n - l. What are the prime factors of v?
23
List the prime factors of (10 + -8)*(-845)/(-10).
13
Suppose -16408 = -12*f + 788. List the prime factors of f.
1433
Suppose -38 = -3*k - 2. Let v = k + -15. What are the prime factors of ((-38)/v)/(10/15)?
19
Let w(a) = 3*a**2 - 6 - 6*a + a**3 - 7*a**3 + 7*a**3. Let f be w(-4). Suppose -f*k = -0*k - 136. What are the prime factors of k?
2, 17
Let x = -9 - 4. Suppose 5*s - 36 = 4*s. Let q = s + x. List the prime factors of q.
23
Let o(y) = y**3 - 3*y**2 - 4*y + 5. Let q be o(4). Suppose 31 + 189 = q*f. List the prime factors of f.
2, 11
Let k(b) = 793*b - 755. List the prime factors of k(6).
4003
What are the prime factors of (2/((-2)/(-39)))/(7 - 6)?
3, 13
Let m be (-1)/(1/42*-3). Suppose -9*w = -m*w + 750. What are the prime factors of w?
2, 3, 5
Suppose 0 = 31*d + 36*d - 59295. List the prime factors of d.
3, 5, 59
Suppose -5*p = 4*a - 233, -35 - 186 = -5*p + 2*a. Suppose p = -8*i + 11*i. List the prime factors of i.
3, 5
Let w(k) be the second derivative of 3*k**4/4 - 2*k**2 + 3*k. List the prime factors of w(-2).
2
Let s = -27 + 31. Suppose -744 = -s*o - 5*w, -553 = -3*o - 2*w - 3*w. Suppose 4*k = -2*c + c + o, -2*k + 5*c + 101 = 0. List the prime factors of k.
2, 3
Let u be (-1*2 + 1)*-8. Let s(f) = f**3 - 8*f**2 + 8*f + 2. Let c(n) = n + 1. Let i(h) = -5*c(h) + s(h). List the prime factors of i(u).
3, 7
Let p(s) = 49*s**2 + 2*s + 5. What are the prime factors of p(3)?
2, 113
Suppose 0*y + 6 = 3*y. Let i be (1 + y)/((-9)/(-210)). Let o = i + -41. What are the prime factors of o?
29
Let z(x) = x**2 - 5*x + 2. Let t be z(5). Suppose 5*n = t*c, c - 2*n = 4*c. List the prime factors of 7 + (-3 - -1) + c.
5
Let a = 21 - 54. Let v(k) = k**2 - 62. Let s be v(0). Let x = a - s. What are the prime factors of x?
29
Let b(o) = -o**2 + 10*o + 9. Let k be b(10). List the prime factors of 281/k - 30/135.
31
Suppose -9*b = 4*b - 11219. List the prime factors of b.
863
Let s = 19 + -9. Suppose -2*x + 8 = 0, s*j - 28 = 5*j - 2*x. Suppose -j*q = -112 - 24. What are the prime factors of q?
2, 17
Let z(m) = m**3 - 21*m**2 + 2. Let f be z(21). List the prime factors of 15/1 - (f + (-5 - -5)).
13
Suppose 0 = 304*o - 312*o + 10328. What are the prime factors of o?
1291
Let j(r) = -r**2 + 5*r - 2. Let t be j(5). Let s be t/(-2*1/3). Suppose -2*m + 9 = s. What are the prime factors of m?
3
Suppose -2*f = 2*k - 138, 5*f + k = -0*k + 345. Let m = f - -82. List the prime factors of m.
151
Let r(c) = 29*c**2 + 33*c + 55. What are the prime factors of r(-14)?
3, 1759
Let f = -1 + 3. Suppose -5*k + 2*s - s = -587, -224 = -f*k - 5*s. List the prime factors of k.
3, 13
Let k(d) = d**2 - 8*d - 4. Let s be k(7). What are the prime factors of -40*((s - -2) + 3/1)?
2, 3, 5
Let r(w) = -339*w + 10. What are the prime factors of r(-3)?
13, 79
What are the prime factors of -4 + (10 + -13 - -302)?
5, 59
Suppose 5*b = 4*q - 1151, 2*q + 3*q + 2*b - 1447 = 0. Let t = -38 + q. What are the prime factors of t?
251
Suppose 6*t = 10*t - 44. Suppose -332 = 7*y - t*y. List the prime factors of y.
83
Suppose 2 = h - 3*w, 5*w + 0 = -4*h + 8. Suppose -4*i + 464 = -5*z, 0*z + 563 = 5*i - h*z. What are the prime factors of i?
3, 37
Let a be 1*(2*12)/4. Suppose -5*u + a*m = 3*m, -11 = 2*u + m. List the prime factors of (-176)/u - 9/(-27).
59
Let z = 5 - 27. Let f = z + 103. List the prime factors of f.
3
Let j be 3*((-232)/(-12) + -3) + -2. Suppose -43*t - 852 = -j*t. List the prime factors of t.
3, 71
Let o(c) = -2*c + 1 - 4 + 1. Let q be o(1). List the prime factors of 16/(q + 42/9).
2, 3
List the prime factors of (-4)/12*-4*(2421 + 0).
2, 3, 269
Let r(q) = 9*q - 1. Suppose 0 = 2*p + 2*p. Suppose -3*m = 4*j - 21, -3*m + p*m - 5*j + 24 = 0. List the prime factors of r(m).
2, 13
Let i(f) = -f**3 - 2*f**2 - 2*f - 4. Let k be ((-10)/4)/((-6)/12). Suppose -2*t + 2*q - 1 = -5, k*t - q + 10 = 0. What are the prime factors of i(t)?
11
Let j = -76 + 236. Suppose 0 = -5*i + 2*k + j + 758, i - 166 = -4*k. List the prime factors of i.
2, 7, 13
Suppose 3*g + f = 3181, 0*g + 4268 = 4*g - 4*f. Suppose -z = 5*z - g. List the prime factors of z.
3, 59
Suppose -5*f + 4*b = -2741 + 185, -b = -2*f + 1023. What are the prime factors of f?
2
Let h = -335 + 3158. List the prime factors of h.
3, 941
Suppose 7*d + 3*m - 964 = 3*d, 3*d - 726 = -3*m. What are the prime factors of d?
2, 7, 17
Let b = 8 - 2. Suppose -5*z + 10 + b = -2*i, -3*z + i + 10 = 0. List the prime factors of z.
2
Let v(o) = -4*o - 8. Let c be (((-12)/15)/(-1))/(2/(-10)). List the prime factors of v(c).
2
Let h = -38 - -41. Suppose 0 = -h*y - 124 + 388. What are the prime factors of y?
2, 11
Let x(n) = 46*n + 366. What are the prime factors of x(10)?
2, 7, 59
Suppose 0 = s + x - 103, -2*s - 2*s - 5*x + 410 = 0. Suppose 2*n - 35 - s = 0. What are the prime factors of n?
2, 5, 7
Let k(v) = v**3 - v + 4. Let p be k(0). Let w(m) = -8 + 5*m - p*m + 1 + 6. What are the prime factors of w(7)?
2, 3
Suppose 5*q - n = 3*n + 36, -5*n - 40 = -5*q. What are the prime factors of 1*-19*(-7 + q)?
3, 19
Let w = -36 + 68. Suppose 2*p = 6*p - w. What are the prime factors of p?
2
Suppose 2*g - 4 + 2 = 0. Let n = g + 6. Let a(x) = x**2 - 5*x - 10. What are the prime factors of a(n)?
2
Suppose 168 = 3*i + 3*z, 2*i - z - 56 - 62 = 0. Suppose -9*s = -10*s + i. What are the prime factors of s?
2, 29
List the prime factors of ((-190)/8 - (-2)/8)*-18.
3, 47
Let f be (-30)/6*(0 + -1). Suppose f*d + 36 = 6*d. Suppose o - d = 6. What are the prime factors of o?
2, 3, 7
Let d(u) = 6*u**3 + u**2 - 2*u. Suppose 7*x - 10*x + 9 = 0. What are the prime factors of d(x)?
3, 5, 11
Let n = -202 + 304. Suppose -n = -11*s + 2373. List the prime factors of s.
3, 5
Let o be 3/7 + 6495/35. Suppose 2*a + 5*f - o = 6*f, -4 = -f. What are the prime factors of a?
5, 19
Let x be (-490)/49 - -1*5. Suppose -5*h + t = -116, 3*h - 47 = h + t. Let o = x + h. List the prime factors of o.
2, 3
What are the prime factors of (1 - 43)/((-106)/5512)?
2, 3, 7, 13
Let j(r) = -5*r**3 + r**2 + 37*r + 18. What are the prime factors of j(-6)?
2, 3, 19
Let o(s) = -47*s**3 - s**2 - s - 1. Suppose -3*k = -4*m + 15, 2*k - m + 11 = 2*m. Let x be o(k). Suppose -2*q = -12 - x. List the prime factors of q.
29
Let w(h) = 157*h - 294. List the prime factors of w(18).
2, 3, 211
Let o(x) be the first derivative of -x**4/4 - 4*x**3/3 + 7*x**2/2 - 7*x - 12. Let m(y) = y**3 - 4*y**